Suppose 3*t - 76 + 4 = 0. Let o(y) = 5*y**2 - 2*y + 9. Let m be o(-3). What is the highest common divisor of t and m?
12
Let l(j) = -j**3 - 9*j**2 + 49*j - 18. Let p be l(-13). Calculate the greatest common divisor of 7 and p.
7
Let j = 13 - -14. Calculate the highest common factor of j and 27.
27
Let r(b) = b + 16. Let h be r(11). Calculate the greatest common divisor of h and 3.
3
Let b = 106 - 93. Calculate the highest common factor of 117 and b.
13
Let g(d) = 6*d**2 - d + 1. Let j(f) = 5*f**2 + 1. Let u(o) = -4*g(o) + 5*j(o). Let w be u(-5). Let c = 55 - 37. What is the greatest common divisor of c and w?
6
Let t be 1 + -4 + 0/6. Let d be t/3*(-10 - 3). What is the greatest common divisor of d and 13?
13
Let o be 6/15 + 93/5. Suppose 5*a - 4*g - 111 = 0, g - 6*g + 75 = 5*a. What is the greatest common divisor of o and a?
19
Let n(y) = -y**2 + y + 14. Let u be n(0). Let j = u + -8. Calculate the highest common divisor of 15 and j.
3
Let a(w) = w**2 + 11*w - 5. Let n be a(-12). What is the greatest common divisor of n and 21?
7
Let l be 3/(-2 - -3) - 0. Suppose b - 16 = -5*p - 3, 4*p = -4*b + 4. Let s be -2*b/4*15. What is the greatest common divisor of l and s?
3
Let r be -2 - (-31 - -4 - 2). Calculate the highest common divisor of 81 and r.
27
Let q(y) = 4*y**2 - y - 6. Let g be q(6). What is the greatest common factor of g and 12?
12
Suppose 15 = 4*o - 17. Let b(d) = 63*d + 1. Let v be b(1). What is the highest common factor of o and v?
8
Let u(j) = j - 5. Let x be u(5). Suppose 5*a - 2 - 38 = x. Calculate the highest common factor of 4 and a.
4
Let n = -88 - -205. Calculate the highest common factor of 13 and n.
13
Suppose 0 = -3*i + 2*g + 106, 3*g = -i + 2*i - 26. Calculate the highest common factor of i and 152.
38
Suppose -2*n - z + 6 = -2*z, -n = 4*z - 21. Suppose -2*l - 5*b = -5*l + 465, 791 = n*l - 3*b. What is the highest common factor of 20 and l?
20
Let b = 90 + -31. Suppose 2*s + n = 9 + 12, -3*s + 4*n + b = 0. Let l = s - 1. Calculate the greatest common divisor of 12 and l.
12
Let q be ((-2)/(-4))/((-5)/(-50)). Let f = 2 + -1. Let z = q + f. What is the greatest common factor of 15 and z?
3
Suppose 2 = 3*i - 4. What is the greatest common factor of i and 10?
2
Let d = -45 + 81. Suppose 2*p = 2*z + d, 0 = -5*p - 5*z + 5 + 45. Calculate the highest common divisor of p and 2.
2
Let m(h) = -9*h - 11. Let y be m(-7). Calculate the highest common divisor of 4 and y.
4
Suppose -5*q + c + c + 134 = 0, -q - c = -31. What is the greatest common factor of q and 28?
28
Let n = 0 - 0. Let m be (2 - 3)*(-520 - n). Suppose -m = -w - 4*w. Calculate the highest common divisor of 13 and w.
13
Let s(u) = 3*u**2 + 7*u + 2. Let n be s(-5). Let d = -42 - -48. Calculate the highest common factor of d and n.
6
Suppose -3*z + 33 = 2*i - 5*i, 19 = -z - 5*i. Let o be (48/(-28))/(38/(-133)). What is the highest common factor of z and o?
6
Suppose 4*b - 60 = 2*b. Let v(a) = a**2 - a + 3. Let l be v(-3). What is the greatest common factor of l and b?
15
Let x(n) be the first derivative of n**4/4 - 2*n**3 - 7*n**2/2 + 6*n - 1. Let p be x(7). Suppose a + p = 3*a. What is the highest common divisor of a and 27?
3
Suppose 6*b - 4*b - 6 = 0. Suppose -g = 2*g - b. Suppose 17 - 2 = 5*t. Calculate the highest common factor of t and g.
1
Let b be (-6)/9*6 - -24. What is the highest common factor of 5 and b?
5
Let b be -59*(-2 - (-1 + 0)). Suppose 4*n + b = 5*n. Suppose -4*k + 44 = -2*k + 2*q, -2*k + n = -3*q. What is the highest common divisor of k and 10?
5
Let z(y) = 35*y + 3. Let d be z(4). What is the greatest common factor of d and 13?
13
Suppose -4*c = 2*k - 74 - 52, -5*k = c - 45. Calculate the greatest common factor of 3 and c.
3
Let b(g) = -g**2 + 7*g + 3. Let d be b(6). Suppose a - 18 = -3*m, -2*m + 13 = a - 2. Calculate the highest common divisor of a and d.
9
Let y = 39 - 20. Calculate the highest common divisor of 19 and y.
19
Let y be 224/22 + (-6)/33. Let a be 4/(-10) + 184/y. What is the highest common divisor of a and 12?
6
Suppose p + 17 = 3*w, 0*p - 4*p = -4*w + 12. Calculate the highest common factor of 56 and w.
7
Let x be (-4)/14 + 212/7. What is the highest common divisor of x and 45?
15
Let y(v) = v**3 - 6*v**2 + 5*v + 6. Let s be y(6). Let w be s/8 + 3/6. Suppose 105 = 4*z + w*m, 19 + 6 = z + m. What is the highest common divisor of 5 and z?
5
Suppose -4*r - 5 = 3*w, 3*w + 9 = -0*w. Calculate the greatest common divisor of 9 and r.
1
Suppose 10*k - 12 = 7*k. Calculate the greatest common divisor of 14 and k.
2
Let z(x) = -14*x. Let g be z(-6). Suppose -2*r + 2*y + 28 = -0*r, -32 = -3*r - 2*y. What is the highest common divisor of r and g?
12
Let g = -10 + 18. What is the highest common factor of g and 8?
8
Suppose g - 38 = -2*f, 5*g - 5*f = -9 + 214. Calculate the greatest common factor of g and 24.
8
Let a = 63 - 36. What is the greatest common factor of 18 and a?
9
Suppose -2*y = z - 10 - 14, 4*y - 102 = -5*z. What is the greatest common factor of 45 and z?
9
Let u be -1*(0 - -1) + -18. Let a = -29 - u. Let g = a - -42. Calculate the highest common divisor of 16 and g.
16
Let v(f) = 23*f + 10. Let o be v(1). Calculate the greatest common factor of o and 11.
11
Suppose d - 3*x - x = 77, -278 = -4*d + x. What is the highest common factor of d and 23?
23
Let i be (-2)/(1/(-3)*2). Suppose -i - 57 = -5*f. Let c = 84 + -36. What is the greatest common factor of f and c?
12
Suppose -z = 2*s - 11, 2*z + 0*z + 3*s = 18. What is the greatest common factor of z and 3?
3
Let w(z) = 2*z - 18. Let t be w(12). Let b = t + -4. Suppose -a + b*a - 37 = -5*m, 0 = 4*a - 5*m - 48. What is the greatest common factor of a and 119?
17
Let d(w) = w**2 + 7*w + 4. Let i be d(-7). Suppose -i*z + 51 = 5*j, j - 2*j - 1 = 0. What is the highest common divisor of 42 and z?
14
Suppose -10 = -b + 6*b, -5*t - 5*b + 25 = 0. Suppose 0 = 4*d + 3*u - 173 + 52, -3*d + 78 = -2*u. What is the greatest common factor of d and t?
7
Let z(m) = 2*m - 1. Let x be z(2). Let o be 2 + (1 - -84) + x. Calculate the highest common factor of o and 10.
10
Let s = -89 - -152. Let j = 9 - 10. Let u be (j - -3) + -4 - -11. What is the greatest common factor of u and s?
9
Suppose 3*j + 24 = v, 0*j - 2*j + 8 = 0. Calculate the greatest common divisor of v and 24.
12
Let m be (10 - 18)*22/(-4). What is the greatest common divisor of 4 and m?
4
Suppose 2*v + 2 = 10. Suppose 120 = v*i - 132. Calculate the highest common factor of 9 and i.
9
Suppose -2*n = -2*k + 10, 4*k = n + 17 + 18. Let o be (-2)/(-6) - 570/(-18). Let i = o - 12. What is the highest common divisor of i and k?
10
Let y be (-12)/(-9)*(-3)/(-2). Suppose 5*m = -2*c + 4 + 6, -y = -m. Suppose 3 = 5*o + 5*q - 17, o - q - 2 = c. What is the highest common factor of o and 9?
3
Let c(r) = r**3 + 4*r**2 + 2*r - 3. Let g be c(-3). Let d = g + 6. What is the greatest common divisor of d and 2?
2
Let w be 37/(-7) - 6/(-21). Let o be (w/2 - -2)*-6. What is the highest common divisor of o and 6?
3
Suppose -247 = -9*z + 104. Suppose -73 = -5*t - 8. Calculate the greatest common divisor of t and z.
13
Let t = 113 + -39. Let l(j) = 10*j + 1. Let d be l(-4). Let g = t + d. What is the greatest common divisor of g and 5?
5
Suppose -5*q + 0*q + 90 = 0. Suppose 2*w - 42 = q. Suppose -20 = -3*k + k. Calculate the highest common divisor of w and k.
10
Let q be 2*(-1 + -1 + 58). Calculate the greatest common divisor of q and 16.
16
Let c(s) = -12*s - 4. Let t = -7 - -13. Suppose -4*f - 22 = t. Let j be c(f). Calculate the greatest common factor of j and 10.
10
Let u(g) = g**3 - 11*g**2 - 9*g - 16. Let y be u(12). Calculate the greatest common divisor of 60 and y.
20
Suppose 50 = 9*y - 274. Calculate the greatest common divisor of 36 and y.
36
Let c(f) = -f**2 + 8*f - 7. Suppose 0*h - h = l - 5, 0 = 3*l. Let y be c(h). Suppose w - 5*w = -4. Calculate the highest common factor of y and w.
1
Let j be (-2)/((-5 - (-3 - 0))/14). Calculate the greatest common factor of j and 98.
14
Let g = -73 - -78. What is the highest common factor of 45 and g?
5
Let f(t) = -4*t - 16. Let d be f(-8). What is the greatest common divisor of d and 16?
16
Let l = -14 + 31. Let c(f) = 7*f**2 - 2*f - 1. Let t be c(-3). What is the highest common factor of l and t?
17
Let d = 35 